{"id":237,"date":"2018-08-11T22:05:25","date_gmt":"2018-08-11T20:05:25","guid":{"rendered":"http:\/\/thewinefactory.fr\/?page_id=237"},"modified":"2020-05-10T12:55:10","modified_gmt":"2020-05-10T10:55:10","slug":"le-concept","status":"publish","type":"page","link":"https:\/\/thewinefactory.fr\/index.php\/le-concept\/","title":{"rendered":"LE CONCEPT"},"content":{"rendered":"\t\t<div data-elementor-type=\"wp-post\" data-elementor-id=\"237\" class=\"elementor elementor-237\" data-elementor-settings=\"[]\">\n\t\t\t\t\t\t<div class=\"elementor-inner\">\n\t\t\t\t\t\t\t<div class=\"elementor-section-wrap\">\n\t\t\t\t\t\t\t<section class=\"elementor-section elementor-top-section elementor-element elementor-element-f73973b elementor-section-boxed elementor-section-height-default elementor-section-height-default\" data-id=\"f73973b\" data-element_type=\"section\">\n\t\t\t\t\t\t<div class=\"elementor-container elementor-column-gap-default\">\n\t\t\t\t\t\t\t<div class=\"elementor-row\">\n\t\t\t\t\t<div class=\"elementor-column elementor-col-100 elementor-top-column elementor-element elementor-element-bebaf9a\" data-id=\"bebaf9a\" data-element_type=\"column\">\n\t\t\t<div class=\"elementor-column-wrap elementor-element-populated\">\n\t\t\t\t\t\t\t<div class=\"elementor-widget-wrap\">\n\t\t\t\t\t\t<div class=\"elementor-element elementor-element-e622b31 elementor-widget elementor-widget-text-editor\" data-id=\"e622b31\" data-element_type=\"widget\" data-widget_type=\"text-editor.default\">\n\t\t\t\t<div class=\"elementor-widget-container\">\n\t\t\t\t\t<div class=\"elementor-text-editor elementor-clearfix\"><div><div data-elementor-setting-key=\"editor\" data-elementor-inline-editing-toolbar=\"advanced\"><p>Dans la pure tradition des bars \u00e0 vin, <b>The Wine Factory <\/b>vous propose la d\u00e9gustation de vin au verre, <em>que vous pourrez accompagn\u00e9 de planches r\u00e9gionales de charcuterie ou de fromage.<\/em><\/p><p>Une s\u00e9lection minutieuse aupr\u00e8s de vignerons engag\u00e9s et passionn\u00e9s vous permettra de d\u00e9couvrir une gamme de vins blancs, vins rouges et ros\u00e9s, repr\u00e9sentatifs de la diversit\u00e9 vinicole de nos terroirs.<em> Compl\u00e8t\u00e9e de jolis effervescents : Champagnes et Cerdon Ros\u00e9 un p\u00e9tillant du Bugey, s\u00e9lectionn\u00e9s par Valentine pour leur finesse et leur approche festive, ainsi que les Spritzs, cocktails embl\u00e9matiques de nos voisins italiens\u00a0: le traditionnel Spritz Aperol ou le tr\u00e8s raffin\u00e9 Hugo Spritz.<\/em><\/p><p>Les amateurs de bi\u00e8res artisanales\u00a0 trouveront plaisir \u00e0 d\u00e9guster une gamme de bi\u00e8res locales brass\u00e9es \u00e0 Saint Gervais Mont Blanc et d\u2019abbayes belges en bouteilles.<\/p><p><em>Vous pouvez \u00e9galement enrichir la palette des choix, avec plus de 70 bouteilles \u00e0 votre disposition dans l\u2019espace caviste.<\/em><\/p><\/div><\/div><div>\u00a0<\/div><div>\u00a0<\/div><\/div>\n\t\t\t\t<\/div>\n\t\t\t\t<\/div>\n\t\t\t\t\t\t<\/div>\n\t\t\t\t\t<\/div>\n\t\t<\/div>\n\t\t\t\t\t\t\t\t<\/div>\n\t\t\t\t\t<\/div>\n\t\t<\/section>\n\t\t\t\t\t\t<\/div>\n\t\t\t\t\t\t<\/div>\n\t\t\t\t\t<\/div>\n\t\t","protected":false},"excerpt":{"rendered":"<p>Dans la pure tradition des bars \u00e0 vin, The Wine Factory vous propose la d\u00e9gustation de vin au verre, que vous pourrez accompagn\u00e9 de planches r\u00e9gionales de charcuterie ou de fromage. Une s\u00e9lection minutieuse aupr\u00e8s de vignerons engag\u00e9s et passionn\u00e9s vous permettra de d\u00e9couvrir une gamme de vins blancs, vins rouges et ros\u00e9s, repr\u00e9sentatifs de &hellip; <\/p>\n<p class=\"link-more\"><a href=\"https:\/\/thewinefactory.fr\/index.php\/le-concept\/\" class=\"more-link\">Continue reading<span class=\"screen-reader-text\"> &#8220;LE CONCEPT&#8221;<\/span><\/a><\/p>\n","protected":false},"author":1,"featured_media":0,"parent":0,"menu_order":2,"comment_status":"closed","ping_status":"closed","template":"","meta":{"footnotes":""},"_links":{"self":[{"href":"https:\/\/thewinefactory.fr\/index.php\/wp-json\/wp\/v2\/pages\/237"}],"collection":[{"href":"https:\/\/thewinefactory.fr\/index.php\/wp-json\/wp\/v2\/pages"}],"about":[{"href":"https:\/\/thewinefactory.fr\/index.php\/wp-json\/wp\/v2\/types\/page"}],"author":[{"embeddable":true,"href":"https:\/\/thewinefactory.fr\/index.php\/wp-json\/wp\/v2\/users\/1"}],"replies":[{"embeddable":true,"href":"https:\/\/thewinefactory.fr\/index.php\/wp-json\/wp\/v2\/comments?post=237"}],"version-history":[{"count":19,"href":"https:\/\/thewinefactory.fr\/index.php\/wp-json\/wp\/v2\/pages\/237\/revisions"}],"predecessor-version":[{"id":661,"href":"https:\/\/thewinefactory.fr\/index.php\/wp-json\/wp\/v2\/pages\/237\/revisions\/661"}],"wp:attachment":[{"href":"https:\/\/thewinefactory.fr\/index.php\/wp-json\/wp\/v2\/media?parent=237"}],"curies":[{"name":"wp","href":"https:\/\/api.w.org\/{rel}","templated":true}]}}